{"id":6650,"date":"2026-05-13T16:16:02","date_gmt":"2026-05-13T14:16:02","guid":{"rendered":"https:\/\/zsp-blaszki.pl\/?page_id=6650"},"modified":"2026-05-13T19:30:38","modified_gmt":"2026-05-13T17:30:38","slug":"spotkania-z-rodzicami","status":"publish","type":"page","link":"https:\/\/zsp-blaszki.pl\/?page_id=6650","title":{"rendered":"Spotkania z rodzicami"},"content":{"rendered":"\n<p><strong>,,Wieczorek literacki po\u015bwi\u0119cony tw\u00f3rczo\u015bci Agnieszki Osieckiej\u201d.<\/strong><\/p>\n\n\n\n<p>Spotkanie z lokaln\u0105 poetk\u0105 pani\u0105 Mariol\u0105 Malinowsk\u0105.<\/p>\n\n\n\n<p>19.11.2025r. w ramach realizacji zada\u0144 projektu \u201eKariera bez Barier\u201d Samorz\u0105d Uczniowski wraz z uczniami technikum i nauczycielami zaanga\u017cowanymi w projekt zorganizowali wieczorek poetycki po\u015bwi\u0119cony tw\u00f3rczo\u015bci Agnieszki Osieckiej. Wyst\u0119p u\u015bwietni\u0142a przybyciem i lektur\u0105 swoich wierszy lokalna poetka p. Mariola Malinowska. W\u015br\u00f3d zaproszonych go\u015bci opr\u00f3cz spo\u0142eczno\u015bci szkolnej, znale\u017ali si\u0119 rodzice i emerytowani pracownicy szko\u0142y.<\/p>\n\n\n\n<p>Wieczorek poetycki poprzedzony zosta\u0142 przygotowaniami. Uczniowie sporz\u0105dzili list\u0119 go\u015bci, zaprojektowali zaproszenia, wydrukowali je. Na podstawie wybranego scenariusza dokonali podzia\u0142u r\u00f3l oraz innych zada\u0144. Odby\u0142o si\u0119 kilka pr\u00f3b. W dniu wydarzenia wyznaczeni uczniowie przygotowali sal\u0119 i sprz\u0119t muzyczny. Po powitaniu go\u015bci przyst\u0105pili do realizacji swoich zada\u0144 &#8211; recytacja, \u015bpiew, dialogi &#8211; zgodnie ze scenariuszem.<\/p>\n\n\n\n<p>Uczniowie zaanga\u017cowani w przygotowanie uroczysto\u015bci rozwin\u0119li swoje umiej\u0119tno\u015bci i kompetencje. Samodzielnie&nbsp; przygotowali scenariusz, zrobili scenografi\u0119. Wszystkie te dzia\u0142anie wymaga\u0142y systematyczno\u015bci i odpowiedzialno\u015bci. Wa\u017cn\u0105 warto\u015bci\u0105 by\u0142a umiej\u0119tno\u015b\u0107 organizacji warsztatu pracy i zarz\u0105dzania sob\u0105 w czasie. Prezentuj\u0105c trudn\u0105 poezj\u0119 i utwory muzyczne Agnieszki Osieckiej pokonywali stres i trem\u0119 zwi\u0105zan\u0105 z publicznymi wyst\u0119pami, rozwijali umiej\u0119tno\u015b\u0107 autoprezentacji. Szukali indywidualnych sposob\u00f3w niwelowania l\u0119ku i prze\u0142amywania w\u0142asnych barier.<\/p>\n\n\n\n<p>Dzia\u0142anie sprzyja\u0142o wzmacnianiu wi\u0119zi rodzinnych, wp\u0142yn\u0119\u0142o na wzrost poczucia w\u0142asnej warto\u015bci, budowanie pozytywnego obrazu samego siebie.<\/p>\n\n\n\n<p>Uczniowie poznali swoje mocne strony, mogli je zaprezentowa\u0107 rodzicom i go\u015bciom. Rodzice poznali talenty i umiej\u0119tno\u015bci swoich dzieci.<\/p>\n\n\n\n<p>Serdecznie dzi\u0119kujemy za przybycie wszystkim go\u015bciom, a m\u0142odzie\u017cy za profesjonalne widowisko. Podzi\u0119kowania kierujemy tak\u017ce dla uczni\u00f3w przygotowuj\u0105cych opraw\u0119 muzyczn\u0105 i pocz\u0119stunek.<\/p>\n\n\n\n<p><strong>Spotkanie z rodzicami &#8211; informacje zwi\u0105zane ze zbli\u017caj\u0105cymi si\u0119 praktykami zawodowymi<\/strong><\/p>\n\n\n\n<p>W dniu 31 marca 2026r. w PZS w B\u0142aszkach\u00a0 doradca zawodowy, wychowawcy i nauczyciele bior\u0105cy udzia\u0142 w projekcie \u201dKariera bez barier\u201d spotkali si\u0119 z rodzicami uczni\u00f3w klas 3 i 4 technikum.\u00a0 Om\u00f3wiono program i przebieg praktyk, zaproponowano pomoc w wyborze pracodawc\u00f3w uwzgl\u0119dniaj\u0105c mo\u017cliwo\u015bci i predyspozycje uczni\u00f3w. Przekazano rodzicom podstawowe informacje o praktykach zagranicznych, kt\u00f3re odb\u0119d\u0105 si\u0119 we W\u0142oszech w ramach kszta\u0142cenia i szkolenia zawodowego oraz o poprzedzaj\u0105cych ten wyjazd zaj\u0119ciach dodatkowych z j\u0119zyka angielskiego, z kultury w\u0142oskiej oraz konsultacjach z pedagogiem.<\/p>\n\n\n\n<p>Dobrze wybrane miejsce praktyk umo\u017cliwi uczniom rozw\u00f3j osobisty i b\u0119dzie stanowi\u0107 alternatyw\u0119 przy wyborze \u015bcie\u017cki kariery zawodowej. Zaanga\u017cowanie rodzic\u00f3w w wyb\u00f3r pracodawcy b\u0119dzie stanowi\u0107 wsparcie dla uczni\u00f3w. Poznanie specyfiki praktyk zawodowych przygotuje m\u0142odzie\u017c mentalnie i przyczyni si\u0119 do redukcji stresu przed praktykami.<\/p>\n","protected":false},"excerpt":{"rendered":"<p>,,Wieczorek literacki po\u015bwi\u0119cony tw\u00f3rczo\u015bci Agnieszki Osieckiej\u201d. Spotkanie z lokaln\u0105 poetk\u0105 pani\u0105 Mariol\u0105 Malinowsk\u0105. 19.11.2025r. w ramach realizacji zada\u0144 projektu \u201eKariera bez Barier\u201d Samorz\u0105d Uczniowski wraz z uczniami technikum i nauczycielami zaanga\u017cowanymi w projekt zorganizowali wieczorek poetycki po\u015bwi\u0119cony tw\u00f3rczo\u015bci Agnieszki Osieckiej. Wyst\u0119p u\u015bwietni\u0142a przybyciem i lektur\u0105 swoich wierszy lokalna poetka p. Mariola Malinowska. W\u015br\u00f3d zaproszonych go\u015bci&#8230;<\/p>\n","protected":false},"author":24791,"featured_media":0,"parent":0,"menu_order":0,"comment_status":"closed","ping_status":"closed","template":"","meta":{"footnotes":""},"class_list":["post-6650","page","type-page","status-publish","hentry"],"_links":{"self":[{"href":"https:\/\/zsp-blaszki.pl\/index.php?rest_route=\/wp\/v2\/pages\/6650","targetHints":{"allow":["GET"]}}],"collection":[{"href":"https:\/\/zsp-blaszki.pl\/index.php?rest_route=\/wp\/v2\/pages"}],"about":[{"href":"https:\/\/zsp-blaszki.pl\/index.php?rest_route=\/wp\/v2\/types\/page"}],"author":[{"embeddable":true,"href":"https:\/\/zsp-blaszki.pl\/index.php?rest_route=\/wp\/v2\/users\/24791"}],"replies":[{"embeddable":true,"href":"https:\/\/zsp-blaszki.pl\/index.php?rest_route=%2Fwp%2Fv2%2Fcomments&post=6650"}],"version-history":[{"count":5,"href":"https:\/\/zsp-blaszki.pl\/index.php?rest_route=\/wp\/v2\/pages\/6650\/revisions"}],"predecessor-version":[{"id":6681,"href":"https:\/\/zsp-blaszki.pl\/index.php?rest_route=\/wp\/v2\/pages\/6650\/revisions\/6681"}],"wp:attachment":[{"href":"https:\/\/zsp-blaszki.pl\/index.php?rest_route=%2Fwp%2Fv2%2Fmedia&parent=6650"}],"curies":[{"name":"wp","href":"https:\/\/api.w.org\/{rel}","templated":true}]}}